(i) = -187*i + 14771. Give w(79).
-2
Let c(v) = -10*v + 532. Calculate c(60).
-68
Let a(t) = -98*t + 169. Determine a(2).
-27
Let s(q) = -2*q**2 + 185*q - 1566. Calculate s(83).
11
Let u(r) = -4*r**3 - 4*r**2 + r - 15. Calculate u(-3).
54
Let b(j) = -j**2 + 92*j - 1669. Determine b(24).
-37
Let l(n) = n**3 - 64*n**2 + 360*n + 2226. Give l(57).
3
Let u(v) = v**3 + 18*v**2 + 55*v - 78. Give u(-11).
164
Let j(t) = -8*t**3 - 360*t**2 + 9*t + 406. Determine j(-45).
1
Let r(v) = -66*v**2 - 19*v - 6. Give r(-2).
-232
Let f(z) = -z**3 - 3*z**2 + 5. What is f(0)?
5
Let s(p) = -6*p**3 - p**2 - 9*p + 8. Determine s(1).
-8
Let h(u) = -2*u**3 + 15*u**2 + 38*u - 90. What is h(9)?
9
Let x(s) = -s**3 + 4*s**2 - 7*s - 18. Give x(7).
-214
Let y(n) = -1277*n + 19146. Calculate y(15).
-9
Let k(w) = w**2 + 23*w + 116. Calculate k(-15).
-4
Let p(r) = 186*r + 191. What is p(-1)?
5
Let t(c) = -1643*c + 9858. Calculate t(6).
0
Let u(z) = 2*z**3 + 12*z**2 + 41*z + 2. Calculate u(-5).
-153
Let p(i) = -i**2 + 91*i - 2045. What is p(38)?
-31
Let k(m) = m**3 - 3*m**2 - 233*m + 912. Determine k(4).
-4
Let n(f) = 2*f**3 - 915*f**2 - 3698*f - 27. Determine n(-4).
-3
Let a(v) = -17*v**2 - 155*v - 269. What is a(-2)?
-27
Let a(o) = 11*o**2 + 640*o + 109. Calculate a(-58).
-7
Let b(m) = m**3 + 47*m**2 - 98*m - 6. Give b(-49).
-6
Let w(h) = -45*h**3 + 9*h**2 + 24*h. Give w(-2).
348
Let g(o) = 7*o**3 - 320*o**2 - 100*o + 369. Give g(46).
1
Let y(j) = -j**3 - 18*j**2 - 46*j - 2. What is y(-15)?
13
Let m(a) = a**3 + 45*a**2 + 92*a + 255. Determine m(-43).
-3
Let j(a) = a**2 - 14*a + 6. Calculate j(0).
6
Let a(t) = -431*t - 47863. Determine a(-111).
-22
Let b(q) = 717*q + 7877. Give b(-11).
-10
Let o(p) = p**2 + 40*p + 397. What is o(-19)?
-2
Let w(h) = h**3 - 94*h**2 + 605*h + 329. Give w(87).
-19
Let h(f) = -f**3 - 129*f**2 + 535*f + 408. Calculate h(-133).
9
Let a(y) = 6*y**3 - 4*y**2 + 81*y - 78. Calculate a(1).
5
Let z(b) = -10*b**3 + 7*b**2 - 12*b + 3. Calculate z(1).
-12
Let u(o) = 1240*o - 22303. Determine u(18).
17
Let t(a) = -474*a + 4276. Give t(9).
10
Let c(u) = -12*u - 205. Give c(11).
-337
Let d(c) = 553*c + 3867. Give d(-7).
-4
Let r(a) = -46*a**2 - 747*a + 45. Calculate r(-16).
221
Let p(v) = v**3 - 73*v**2 - 459*v - 1168. Give p(79).
17
Let p(w) = 2*w**3 - 2*w**2 + 26*w - 44. Determine p(2).
16
Let c(p) = -35*p - 3493. What is c(-100)?
7
Let v(t) = t**3 + 7*t**2 - 7*t - 589. Give v(0).
-589
Let f(a) = 381*a - 4587. Calculate f(11).
-396
Let u(d) = 17*d**2 - 65*d + 70. Calculate u(2).
8
Let j(y) = y**3 - 235*y**2 + 280*y - 10763. What is j(234)?
1
Let w(s) = s**2 - 3010*s + 9016. Give w(3).
-5
Let m(j) = -21*j + 141. Determine m(11).
-90
Let z(u) = 1457*u + 2897. Give z(-2).
-17
Let n(c) = -3*c - 23. Calculate n(-20).
37
Let t(o) = 2*o**3 - 22*o**2 + 13*o - 149. Calculate t(11).
-6
Let z(j) = j**3 + 111*j**2 - 233*j - 805. Calculate z(-113).
-14
Let v(z) = -3*z + 553. What is v(-17)?
604
Let o(f) = 42*f**3 + 2*f**2 + 5*f. Determine o(-2).
-338
Let s(h) = -4*h**3 + 6*h**2 - 17*h - 30. Determine s(-2).
60
Let y(s) = -2*s**3 + 27*s**2 - 38*s + 335. Give y(13).
10
Let m(f) = -47*f - 108. Calculate m(0).
-108
Let w(y) = -7*y**3 + 42*y**2 + 12*y + 6. Give w(6).
78
Let f(c) = -8*c**2 + 127*c + 1712. Calculate f(-12).
-964
Let h(u) = 2*u**2 - 8*u - 74. What is h(9)?
16
Let a(b) = b**2 - 50*b + 186. What is a(48)?
90
Let f(c) = c**3 - 161*c**2 - 842*c + 16. What is f(-5)?
76
Let n(u) = -2*u**3 + 5*u**2 + 5*u - 6. Determine n(3).
0
Let d(r) = -5*r**2 + 12*r + 143. What is d(-10)?
-477
Let h(c) = 36*c - 498. Calculate h(14).
6
Let g(u) = 3*u**2 - u + 13. What is g(0)?
13
Let k(d) = -d**3 - 16*d**2 + 12*d + 53. Determine k(-16).
-139
Let k(g) = g**3 - 8*g**2 - 11*g + 37. What is k(10)?
127
Let l(w) = 489*w - 974. What is l(2)?
4
Let b(g) = -11*g + 25. What is b(5)?
-30
Let s(t) = 14*t**3 - 97*t**2 - 13*t - 2. Calculate s(7).
-44
Let s(v) = -141*v - 51. Determine s(3).
-474
Let v(o) = o**3 + 16*o**2 + 33*o + 25. Calculate v(-12).
205
Let b(q) = 58*q - 188. Determine b(10).
392
Let n(u) = -23*u**2 - 646*u - 41. Determine n(-28).
15
Let o(b) = 21*b**2 - 489*b - 488. What is o(-1)?
22
Let f(n) = -91*n - 399. Calculate f(-5).
56
Let w(j) = -14*j - 813. Determine w(-62).
55
Let v(f) = 24*f - 328. Give v(17).
80
Let x(y) = 52*y**2 + 32*y + 71. Determine x(-2).
215
Let z(y) = y**3 + 2*y**2 - 64*y - 13. Calculate z(0).
-13
Let m(a) = -a**3 - 2*a**2 - 393*a + 795. Determine m(2).
-7
Let k(h) = 2*h**3 + 10*h**2 + 27*h + 64. Determine k(-4).
-12
Let r(c) = -117*c + 25984. Determine r(222).
10
Let q(n) = -n**3 - 78*n**2 - 571*n - 87. What is q(-8)?
1
Let d(w) = -11*w + 191. Give d(14).
37
Let a(m) = -2*m**2 - 22*m - 65. Give a(-16).
-225
Let m(l) = l**2 - 25*l + 66. What is m(3)?
0
Let x(n) = 6*n**2 + 12*n - 2. What is x(1)?
16
Let h(o) = o**3 + 3*o**2 - 20*o + 23. Determine h(2).
3
Let l(d) = -d**3 + d**2 - 8*d + 5. Give l(2).
-15
Let t(d) = -127*d + 526. What is t(4)?
18
Let u(y) = y**3 + 56*y**2 + 107*y - 66. Give u(-54).
-12
Let i(h) = 87*h**2 - 875*h + 54. What is i(10)?
4
Let i(a) = -a**3 - 27*a**2 + 65*a + 104. What is i(-29)?
-99
Let l(p) = 6*p**2 + 34*p - 26. Determine l(-7).
30
Let j(c) = 22*c**2 + 23*c + 4. Calculate j(-2).
46
Let u(m) = 4*m**3 - 292*m**2 - 2*m + 247. Calculate u(73).
101
Let b(u) = 10761*u + 182937. Calculate b(-17).
0
Let u(q) = -5*q**2 + 46*q + 253. What is u(-7)?
-314
Let t(l) = 6*l**3 - 170*l**2 + 60*l - 99. Give t(28).
13
Let k(v) = -48*v + 12. Determine k(1).
-36
Let j(h) = -6*h**3 - h**2 - 18*h - 18. Calculate j(-1).
5
Let l(j) = j**3 + 16*j**2 - 14*j - 2. What is l(-17)?
-53
Let i(j) = -3*j**2 - 317*j - 172. Determine i(-105).
38
Let p(i) = 44*i**2 - 25*i + 30. Give p(3).
351
Let o(x) = 7*x**2 + 612*x + 161. Determine o(-87).
-100
Let q(w) = -39*w - 2071. Give q(-53).
-4
Let m(s) = -32*s**2 + 33*s - 31. What is m(1)?
-30
Let w(v) = 530*v + 2136. Give w(-4).
16
Let n(o) = o**3 + 54*o**2 - 41*o + 446. Give n(-55).
-324
Let x(l) = -2*l**3 + 17*l**2 - 13*l + 23. Determine x(8).
-17
Let g(t) = 14*t - 359. Give g(9).
-233
Let w(v) = 6*v**2 + 134*v + 66. Give w(-22).
22
Let s(p) = -p**3 - 11*p**2 - 10*p - 13. Calculate s(-7).
-139
Let l(f) = -f**3 + 3*f**2 + 1072*f - 3227. Determine l(3).
-11
Let w(m) = m**3 - 15*m**2 - 301*m - 1034. What is w(-7)?
-5
Let c(x) = -x**3 - 59*x**2 - 171*x - 141. Give c(-56).
27
Let p(x) = 2*x - 22. Give p(-21).
-64
Let n(d) = 142*d - 7506. What is n(53)?
20
Let x(v) = -5*v**2 + 251*v - 38. Give x(50).
12
Let l(k) = -k - 158. Calculate l(-8).
-150
Let c(d) = -34*d**3 + 341*d**2 - 9*d - 3. What is c(10)?
7
Let o(s) = -s**2 - 31*s - 37. Determine o(-21).
173
Let q(v) = 5*v**3 - 219*v**2 + 638*v - 2. Calculate q(3).
76
Let p(g) = -4*g**2 - 13*g - 10. Determine p(-1).
-1
Let w(n) = n**2 - 1445*n - 5793. Give w(-4).
3
Let f(n) = -1546*n + 4629. Determine f(3).
-9
Let l(j) = j**2 - 39*j - 236. Give l(44).
-16
Let a(m) = -168*m + 992. What is a(6)?
-16
Let g(k) = 172*k - 14068. Determine g(82).
36
Let s(j) = -3*j**2 + 126*j - 655. Determine s(35).
80
Let v(n) = -58*n + 279. Calculate v(14).
-533
Let c(u) = -u**2 - 68*u + 10. What is c(-68)?
10
Let g(y) = y**2 + 8*y - 64. Determine g(-14).
20
Let s(l) = -227*l - 3225. Give s(-14).
-47
Let r(g) = 20*g - 201. Calculate r(11).
19
Let b(c) = c**3 - 143*c**2 + 686*c + 546. Calculate b(138).
-6
Let c(y) = 3*y - 58. Determine c(21).
5
Let k(w) = -51*w - 317. What is k(-4)?
-113
Let p(i) = -9*i - 496. What is p(-40)?
-136
Let w(c) = 243*c + 45688. What is w(-188)?
4
Let k(d) = -d**3 + 15*d**2 + 101*d - 1555. What is k(14)?
55
Let h(d) = d**3 + 14*d**2 + 12*d - 166. Calculate h(-12).
-22
Let s(l) = l**2 - 34*l + 36. Calculate s(37).
147
Let t(p) = 3*p**2 + 5*p - 32. Give t(-9).
166
Let t(j) = 540*j - 6459. Determine t(12).
21
Let d(m) = -10*m**2 + 275*m - 148. Calculate d(27).
-13
Let j(k) = k**2 - 59*k - 830. What is j(-12)?
22
Let s(j) = 101*j + 7068. What is s(-70)?
-2
Let r(x) = -x**3 - 142*x**2 - 1204*x - 919. Give r(-133).
12
Let q(d) = -85*d - 165. Calculate q(-2).
5
Let l(p) = 2*p**2 - 20*p - 123. Determine l(15).
27
Let y(a) = -a**2 - 1806*a + 36521. Calculate y(20).
1
Let a(f) = f**3 + 12*f**2 + 4*f - 55. Determine a(-11).
22
Let y(t) = -t**2 + 78*t - 1620. Calculate y(38).
-100
Let b(